tens digit of (1 + (-814)/10)*l/46?
0
Suppose -10*x = -3*x - 1834. Let p = x + -102. What is the units digit of p?
0
Let m = 10124 + 2692. What is the tens digit of m?
1
Let r(h) = 12*h + 12. Let c(n) be the second derivative of 35*n**3/6 + 18*n**2 + 17*n. Let o(b) = -4*c(b) + 11*r(b). What is the units digit of o(-4)?
0
Suppose 0 = 7*d + 548 - 569. Suppose -50 = -d*s + 5*y + 732, 0 = -4*s + 5*y + 1046. What is the units digit of s?
4
Suppose -4*j = -553 - 16107. Suppose -13*i + 1061 = -j. What is the tens digit of i?
0
Suppose 8*p - 476 = 284. Let c = p - 97. What is the units digit of (-111)/c - (63/(-14) + 4)?
6
Suppose 0 = n - 3*d - 16, -5*n + 2 + 34 = -4*d. Suppose 5*h = -j - 28, 3*h + 7 = -n*j + 4*h. Let g(l) = -16*l + 7. What is the units digit of g(j)?
5
Let m = -29611 + 63162. What is the units digit of m?
1
What is the ten thousands digit of ((-385515)/(-12) - -1) + (-21)/(-12)?
3
Let q(w) = -600*w + 401. What is the units digit of q(-8)?
1
Let i be (-3)/(-2) + 1170/(-12). Let g be (-9)/(63/1232) + 5. Let h = i - g. What is the tens digit of h?
7
Let j = -2924 - -14666. What is the hundreds digit of j?
7
Let d = -127 + 146. Suppose 2*r - 18 = -r - 3*j, -4*r + j + d = 0. Suppose -m = r*k - 1395, -4*k + 5*k - m = 273. What is the tens digit of k?
7
Let u be (-3 + 12546/(-45))*(-5)/(-1). What is the units digit of 30/55 - 16/(-11) - u?
1
Suppose 17*z + 105947 = 5*w + 14*z, -5*z + 30 = 0. What is the tens digit of w?
9
Let y = 1821 - 1732. Suppose 3*k = -d + 147, d - 310 = -d - 2*k. Let w = d - y. What is the tens digit of w?
7
Suppose -85139 = -9*k - 2*k + 7547. What is the thousands digit of k?
8
Suppose 5*d - 2834 = 2*h, 2*d - 391 + 3211 = -2*h. Let x = h + 2519. What is the hundreds digit of x?
1
Suppose -4*u + 13400 = f, 368*f = 372*f - u - 53668. What is the hundreds digit of f?
4
Let r(m) = -127*m**3 - 6*m - 18. What is the hundreds digit of r(-2)?
0
Suppose 7308 = 3*n + 5*h + 1622, 0 = 4*n + 3*h - 7585. What is the hundreds digit of n?
8
Suppose 5*k + 8*w = 12*w + 131720, -2*k + 5*w = -52705. What is the ten thousands digit of k?
2
Let i = -8980 + 10321. What is the hundreds digit of i?
3
Suppose -5*b - 135 = 5*m, -11 = -4*b + 5*b - 3*m. What is the hundreds digit of 1 - 7 - (b - 406)?
4
Suppose 13*l - 36 = 406. What is the units digit of 5*(-7)/((-70)/l)?
7
Suppose 3*n = -2*q + 2603, 4927 + 209 = 4*q + 20*n. What is the tens digit of q?
0
Suppose 3*p = p + 4. Suppose -p*g + 3 = -1. Suppose i - 2*o = 136, g*i + 2*o - 211 = 31. What is the units digit of i?
6
Suppose 116*i - 2947000 = -59*i. What is the thousands digit of i?
6
Let x(b) = -5*b + 1. Let j be x(-1). Let v(h) = h**2 - 4*h - 7. Let p be v(j). Suppose p*d = a - 92 - 25, -5*a + 545 = -5*d. What is the tens digit of a?
0
Suppose 34 = -3*i + 4*i. Let s = i - 64. Let m = s - -114. What is the tens digit of m?
8
Suppose -2223*y = -2191*y - 2532448. What is the thousands digit of y?
9
Let b(i) = 10*i - 40. Let v be b(4). Suppose v = -30*u + 9*u. Suppose u*t = 20*t - 4260. What is the tens digit of t?
1
Let p(a) = 179*a**3 - a**2 - 4. Let m be p(2). Suppose -42*s + m = -34*s. What is the hundreds digit of s?
1
Suppose -7087*j + 147225 = -7072*j. What is the thousands digit of j?
9
Suppose 71*w + 23*w = 851170. What is the thousands digit of w?
9
Let h(f) = 15*f - 18. Let r be h(3). Let n(x) = x**3 - 26*x**2 - 4*x + 51. What is the tens digit of n(r)?
7
Suppose -7*t + 3*t - 7 = -3*f, 0 = 5*t + f - 15. Let q be (0/((-10)/2))/t. What is the units digit of -108*((-2)/14 + q)*7?
8
Suppose -32*z + 31*z = -73. Let y = 78 - z. Suppose y*h + 0*h = m + 72, 4*h = 2*m + 60. What is the tens digit of h?
1
Let u = 19 + -86. Let c = 66 + u. Let p(q) = -99*q + 2. What is the units digit of p(c)?
1
Let b(k) = -k**3 - 16*k**2 - 15*k + 9. Let a be b(-15). Suppose 377 = -8*w + a*w. What is the units digit of w?
7
Let i(t) = -111*t - 4190. What is the hundreds digit of i(-92)?
0
Let n be 0 - (388/(-20) + 6/15). Suppose 7*h - 3*h - 368 = 0. Let v = h + n. What is the hundreds digit of v?
1
Suppose i + l - 5 = 0, 0*l - 2 = -i + 2*l. Let o be 2/(-6)*4*(-3)/2. Suppose 4*r + 3*b - 265 = 87, 0 = o*r - i*b - 176. What is the tens digit of r?
8
Let f(n) = 1886*n + 379. What is the thousands digit of f(4)?
7
Let j = 91 - 28. Let n = j + -60. Suppose -i = -0*i - 4*m - 207, -i - n*m = -186. What is the units digit of i?
5
Suppose 71*s + 33977 = 177326. What is the tens digit of s?
1
Let m(q) = 19*q**2 + 2*q + 6. Let p be m(-5). What is the tens digit of (p - (-5 + -2 + 9)) + 4?
7
Let t be (-3 - -8 - 1) + 8 + 283. Let n = t - -387. What is the hundreds digit of n?
6
Suppose -57 = -22*k + 9. Suppose 9*y - 798 = k. What is the units digit of y?
9
Suppose -u + 5 = 1. Suppose 17 = u*o + 25. Let i(c) = -38*c - 14. What is the units digit of i(o)?
2
Suppose 4*a - 2*i = 27936, -4*a - 66*i + 71*i = -27912. What is the units digit of a?
8
Let v(n) = 2*n**2 + 7*n. Let c be v(-5). Let d(o) = -o**3 + 17*o**2 - 15*o + 46. What is the units digit of d(c)?
1
Let w(o) = 1 + 1164*o + 1 - 12 + 1176*o - 2333*o. Suppose u + 2 = 3, -5*h + 54 = -u. What is the units digit of w(h)?
7
Suppose 9*h - 36 = 7*h - 4*a, 3*a - 45 = -3*h. Suppose 16*b - 3936 = h*b. What is the tens digit of b?
8
Let u be (45/72*-4)/(1/(-34)). Let o(f) = f**3 - f**2 + f + 28. Let j be o(0). Let m = u + j. What is the units digit of m?
3
Suppose 0 = -12*s + 4*s + 124023 - 31271. What is the ten thousands digit of s?
1
Let z(p) be the first derivative of 3*p**2 + 98*p + 64. What is the hundreds digit of z(20)?
2
Let b = -3876 + 15240. What is the units digit of b?
4
Let h = 33 - 32. Let n = h + 15. What is the tens digit of n?
1
Let x(c) = 28*c - 49. Let h be (-34)/(-6) + 10/(-6). Let r be (-14)/h*(-5 - -3). What is the hundreds digit of x(r)?
1
What is the hundreds digit of (-135)/(9736/976 + -10)?
4
Let w = -201 - -207. Suppose -2402 = -w*r + 562. What is the units digit of r?
4
What is the tens digit of 14399*18*(-1)/(-21)?
4
Suppose 3*r = -5*d + 2*r + 23346, -18664 = -4*d - 4*r. What is the tens digit of d?
7
Suppose -2*c = -6 - 2, -3*u = 5*c - 35. Suppose -5*b - 257 = -8*b - u*i, b - 74 = -4*i. What is the tens digit of b?
9
Let y(g) = 3*g**3 - 3*g**2 - 6*g - 46. Let j be y(11). Suppose 4*z = 16 - 0, -z + j = 2*v. What is the thousands digit of v?
1
Suppose 3*g + 14 = 5*r, -r + 8 = 3*r - 4*g. Let u = 18222 - 18218. Suppose j + 403 = 4*j - u*v, r*v + 137 = j. What is the hundreds digit of j?
1
Let s = 1 + -4. Let k(v) be the third derivative of -37*v**4/24 - v**3 + 1380*v**2. What is the units digit of k(s)?
5
Let k(h) = -298*h**3 + 38*h**2 + 32*h - 22. What is the ten thousands digit of k(-5)?
3
Let f(c) = 6090*c - 1778. What is the units digit of f(8)?
2
Let k(u) = -3*u**3 + 5*u**2 + 32*u + 96. Let v be k(-8). Let p = v - 551. What is the hundreds digit of p?
1
What is the thousands digit of 1/((-2)/26) + (20584 - 79)?
0
Suppose -49*d + 247210 + 961794 = -215181. What is the units digit of d?
5
Let y(g) = g**3 - 38*g**2 - 6*g - 1. Let h be y(38). Let c = 706 + h. What is the hundreds digit of c?
4
Let v = -67 + 31. Let k = v - -35. What is the hundreds digit of 6*k*118/(-6)?
1
Suppose 0 = 4*m - z - 12, 8*m - 10*m = -2*z. Suppose f + v = 114, -2*f + 7*f + m*v - 566 = 0. What is the units digit of f?
0
Let h be (-1)/4 - 5*2/(-8). Let s be 5 + (-16)/4 + h. Suppose s*v = 2*b + 146, -367 + 75 = -4*v - 4*b. What is the units digit of v?
3
Let v = -35 + -34. Let i be 38/6 - (-92)/v. Suppose -j - 2*l + 2 = -7, 5*j - 15 = i*l. What is the units digit of j?
5
Let g be 2 + (39/(-6))/(8/224). Let u = 341 + g. What is the hundreds digit of u?
1
Let l(i) = -91*i - 1. Let o(a) = 4*a - 25. Let p be o(5). What is the hundreds digit of l(p)?
4
Let h = -26712 + 43072. What is the ten thousands digit of h?
1
Let q(j) = 9*j**2 - 520*j + 194. What is the hundreds digit of q(76)?
6
Let q be (-12)/(-30) + (-10)/25. Suppose 2*k - 3*t = -q*t + 662, -3*k + 990 = -3*t. What is the hundreds digit of k?
3
Let j(q) = -91*q - 2. Let p be ((-12)/(-30))/((-2)/10). Let m be j(p). Suppose -3*a + m = 2*b + b, -b - 105 = -2*a. What is the units digit of a?
5
Let b(i) = 6*i**2 - 45*i + 644. What is the units digit of b(-31)?
5
Suppose -3*y + 3*m - 6*m = -71379, -95178 = -4*y - 3*m. What 